+ 18. What is the remainder when 7 is divided by (-18)/(-7) + x/7?
1
Let g(u) = -u**3 - 12*u**2 - 3*u - 2. What is the remainder when 66 is divided by g(-12)?
32
Let h(w) = -10*w - 6. Let x be h(-4). Suppose 4*k - 23 - 45 = 0. Let u = x - k. What is the remainder when u is divided by 6?
5
Suppose 0 = 3*b - 83 - 85. Suppose b = 3*m + 8. What is the remainder when 30 is divided by m?
14
Suppose -35 = f + 5*r, 2*f + 0*r = 2*r - 10. Let y = f + 14. Calculate the remainder when y is divided by 3.
1
What is the remainder when (-9)/(-15) + (-711)/(-15) is divided by 25?
23
Suppose 0 = -6*t + t - 4*j + 33, -4*t = j - 33. Suppose 0 = -5*f + 131 + t. Calculate the remainder when f is divided by 15.
13
Suppose 80 = -0*c + 2*c + 5*j, 2*c + 4*j - 76 = 0. Suppose 3*w - 49 = 3*q - 2*q, 3*w - 51 = 3*q. Calculate the remainder when c is divided by w.
14
Let x = -3 - -8. Let s(b) = 3*b - 7*b + 5*b. What is the remainder when s(x) is divided by 3?
2
Suppose 2*r - 4 = 0, n + 0 = 3*r + 1. Let p(h) = -h**3 + 9*h**2 - 9*h + 4. Calculate the remainder when p(n) is divided by 14.
11
Suppose 2 = 4*h - 42. What is the remainder when h is divided by -14*(2/(-6 + 2))/1?
4
Suppose -15 = 3*s - 6. Let o = 6 + s. What is the remainder when o is divided by 2?
1
Let a = 7 - -10. Suppose 3*s - 7*s = -196. Calculate the remainder when s is divided by a.
15
Suppose 0 = 2*j + d - 23 - 21, 3*d = 4*j - 88. What is the remainder when 43 is divided by j?
21
Let q = 3 - -55. What is the remainder when q is divided by 15?
13
Let c(s) = -s**2 + 19*s - 19. Suppose -4*v + 3*v + 6 = 0. What is the remainder when (42 + 0)*4/v is divided by c(17)?
13
Let c(o) be the second derivative of 3*o**5/20 - o**4/12 + o**3/6 - o**2/2 + 2*o. Let p = 10 + -6. What is the remainder when p is divided by c(1)?
0
Suppose 4*h - x + 16 = 58, 2*x = -2*h + 26. Calculate the remainder when h is divided by 6.
5
Suppose 0 = h + 5*s - 7, 3*h + s = 5*h - 14. Suppose -23 = 4*q - 0*j - 3*j, -5*q - 2*j = 0. Calculate the remainder when (-4)/q - (-21 + 4) is divided by h.
5
Suppose -4*g + 84 = -4*q, -12 - 3 = 3*q. What is the remainder when g is divided by 6?
4
Suppose 0 = 5*n - 16*n + 330. What is the remainder when n is divided by (-2)/5 + (-164)/(-10)?
14
Let o = -79 - -127. Calculate the remainder when o is divided by 10.
8
Suppose y - 24 = -2*p + 3*y, 4*y = -12. Calculate the remainder when 22 is divided by p.
4
Let u = 17 - 11. Calculate the remainder when u is divided by 5.
1
Let z(w) = w**3 + 7*w**2 + 3*w - 7. Let k be 2 + (-2 - 2) + -4. Calculate the remainder when z(k) is divided by 4.
3
Let a = -109 + 120. Calculate the remainder when 27 is divided by a.
5
Let y(p) = p**2 + 6*p - 2. What is the remainder when 112 is divided by y(-10)?
36
Suppose 0 = 5*m - 36 - 34. Let k(o) = 2*o**2 - 3*o. Let g be k(2). Suppose -3*r + m = -g*r. What is the remainder when 53 is divided by r?
11
Let c be (8 + 6)/((-1)/(-2)). Suppose 0 = -4*b + 3*a + 36, 2*b - c = -a - 0*a. Calculate the remainder when 22 is divided by b.
10
Let c = 128 + -78. Calculate the remainder when c is divided by 13.
11
Let c(w) = -w**2 - 14*w**3 + 10*w**3 - 2 + 3. Calculate the remainder when 9 is divided by c(-1).
1
Let m(y) = 7*y + 11. Calculate the remainder when m(10) is divided by 28.
25
Suppose -5*v = -3*a - 30, 2*a + 19 = 3*v - 0*a. Suppose 4 + 20 = v*c. What is the remainder when 23 is divided by c?
7
Let u(g) = 3*g**2 - 2. What is the remainder when 17 is divided by u(-2)?
7
Suppose 0*v = v - 16. Suppose -7 = t + j - 65, 0 = 3*t + 4*j - 169. Calculate the remainder when t is divided by v.
15
Let k(z) = -z**2 + 2*z - 7. Let a(q) = 5*q**2 - 9*q + 36. Let b(v) = -2*a(v) - 11*k(v). Calculate the remainder when 50 is divided by b(6).
16
Let q(a) = a**2 + 4*a + 5. Calculate the remainder when (-3)/6*-1*34 is divided by q(-4).
2
Let n be ((-6)/(-18))/(2/6). Let t(j) = 2*j**2 - j + 1. What is the remainder when t(n) is divided by 2?
0
Let u(h) = 2*h - h**3 - 2*h**2 + 6*h + 8*h**2 - 5. Let g be u(7). Suppose -17 = -f + 2*l - 0*l, 0 = -g*f + l + 43. What is the remainder when f is divided by 8?
7
Let n(k) = k**3 + 2*k**2. Calculate the remainder when 76 is divided by n(2).
12
What is the remainder when (-4)/(-10) + (-2424)/(-40) is divided by 31?
30
Suppose -10 = p - 15. Calculate the remainder when p is divided by 1.
0
Calculate the remainder when -2*(-8)/((-16)/(-42)) is divided by 11.
9
Let k = 4 - 2. Suppose 3*q - 5*u - 28 = 0, 0 = -0*q - k*q + 5*u + 27. Suppose -5*t + q + 14 = 0. Calculate the remainder when 7 is divided by t.
1
What is the remainder when 31 is divided by 20 - (3 - (-1 + 0))?
15
Let a(l) = 6*l**2 + 4*l**2 - 7*l + 4*l + 2. Calculate the remainder when a(1) is divided by 5.
4
Suppose -l - 3*l - 72 = 0. Let t = -25 + 36. What is the remainder when (-585)/l - (-3)/(-2) is divided by t?
9
Let l(o) = 1 + 0*o**2 - 3*o**2 + o**2 + 3*o**2 + 7*o. Calculate the remainder when 35 is divided by l(-8).
8
Let o = -29 - -7. Let p = o + 38. Suppose -24*w + 61 = -23*w. What is the remainder when w is divided by p?
13
Suppose -3*t + 47 = 5*u, 3*t - 92 = 11*u - 7*u. Let w = -10 - -19. What is the remainder when t is divided by w?
6
Suppose 50 = -3*h + 5*h. Suppose -2*o = -o - h. Suppose -2*s = -97 - 51. Calculate the remainder when s is divided by o.
24
Let m = 355 - 147. Suppose 3*p + m = 7*p. What is the remainder when p is divided by (9/(-2))/((-7)/28)?
16
Suppose -6*r = -2*r - 4*j - 136, -2*r + j = -63. Suppose -r = -p - 0*p. Calculate the remainder when p is divided by 10.
9
Let p = -21 + 18. Suppose 8 = n + 5*x, -2*n + 16 = x + 2*x. Calculate the remainder when n is divided by (-3 - p) + (-12)/(-4).
2
Let c = -38 + 50. What is the remainder when 42 is divided by c?
6
Suppose 3*f + 2*k = -k + 117, f + 2*k - 34 = 0. What is the remainder when f is divided by 16?
12
Let g = -107 + 118. Calculate the remainder when 64 is divided by g.
9
Let r = 112 + -64. Suppose -3*s = -r + 18. Calculate the remainder when 6 is divided by 24/s - 2/5.
0
Let d = -53 - -71. Suppose 0 = -g + 39 + 31. What is the remainder when g is divided by d?
16
Suppose -d + 57 = -3*j, -4*d + 0*d - j + 254 = 0. Calculate the remainder when d is divided by 22.
19
Suppose -5*y + y + 80 = 0. What is the remainder when y is divided by ((-66)/(-15)*-1)/((-4)/10)?
9
Let r be 2 + ((-25)/1 - 0). Let k = -2 - -54. Let v = k + r. What is the remainder when v is divided by 8?
5
Let w = -2 + 7. Let i = -2 + w. Suppose -4*b = -3*x + 19, 2*x + i*b - 28 = -2*b. What is the remainder when x is divided by 5?
4
Let p be (4 - 128/14)*-7. Let f = p + -26. What is the remainder when 19 is divided by f?
9
Suppose -q + d = -27 + 6, 0 = 2*q - 4*d - 46. Let o be (0 - -2)*(-70)/(-4). Suppose -o = -7*k + 2*k. Calculate the remainder when q is divided by k.
5
Suppose -5*x - 4*j = -105, -4*j - 2 = -x - 5. What is the remainder when 65 is divided by x?
14
Let t be (20/(-4) - -3) + -2. What is the remainder when 11 is divided by (63/(-18))/(2/t)?
4
Let x be (72/(-30))/(3/(-20)). Suppose 5*k - x = k. Calculate the remainder when k is divided by 4.
0
Let b(l) = -13*l + 4. Let d be b(-5). Suppose 3*q + 3 = 0, -h + 81 = 3*q - d. Suppose -5*c = 48 - h. Calculate the remainder when 41 is divided by c.
20
Let r be 16/2*125/(-10). Calculate the remainder when (3 - 0)*r/(-15) is divided by 7.
6
Let w = 154 + -74. Suppose -2*g - w = -7*g. Calculate the remainder when 46 is divided by g.
14
Suppose -3*o - g + 17 = 0, -2*o - 3 = o - 3*g. Suppose 3*u - 105 = -v, o*v - 3*v = 3*u - 99. What is the remainder when u is divided by 12?
10
Let y(h) = h - 1. Let t be y(4). What is the remainder when ((-8)/t)/(3/(-45)) is divided by 7?
5
Suppose x + 4*x - 2290 = 0. What is the remainder when 16/56 - x/(-14) is divided by 17?
16
Suppose 0 + 70 = 3*a + 5*r, 0 = a - 3*r - 14. What is the remainder when 178 is divided by a?
18
Suppose -1 - 5 = 2*t, t = 4*x - 15. Suppose -4*g = 2*z - 53 + 7, -x*g - 2*z = -35. What is the remainder when g is divided by 6?
5
Let j = 11 + -11. Suppose j*t = -3*t + 36. Let d(s) = -s**2 + 6*s - 3. Calculate the remainder when t is divided by d(4).
2
Suppose -20 = 5*v - 95. What is the remainder when 26 is divided by v?
11
Let b(x) = -x**3 + 7*x**2 - 2*x - 6. What is the remainder when b(6) is divided by 74/8 